se 3*f + 97 = r - f, 3*r - 336 = -3*f. What is the remainder when r is divided by 28?
25
Let g = -10 + 54. Calculate the remainder when g is divided by 9.
8
Let g = -1 - -1. Suppose g = -o + l + 9, o = 2*o + 2*l - 6. Calculate the remainder when o is divided by 3.
2
Calculate the remainder when -4*(-1)/10*55/2 is divided by 6.
5
Let b = 15 + -12. Suppose 0 = -2*a - 5*o - 2 + b, -4*o + 11 = 5*a. Calculate the remainder when a is divided by 2.
1
Suppose -5*x + 4*d = -109, -4*x + 8*x = 2*d + 86. Calculate the remainder when 41 is divided by x.
20
Suppose 5*s = 0, -5*s - 10 = -3*g + 50. Let j(r) = r**2 + 9*r - 15. Calculate the remainder when g is divided by j(-11).
6
Let q = 1 + 7. Suppose 3*l + 2*y - q = -0*l, 0 = -4*l - y + 14. Calculate the remainder when l is divided by 2.
0
Suppose h - 2 - 4 = 0. Suppose n = -z + h*n + 37, 3*z + 4*n - 92 = 0. Calculate the remainder when z is divided by 2/(-6)*33*-1.
10
Let m = -187 + 263. Suppose 2*t - 75 = u - 7, -3*t = 5*u - m. Let o = t + -4. What is the remainder when o is divided by 15?
13
Let w be 1581/15 - (-6)/(-15). Suppose 5*y - 2*y = w. Suppose 0 = -3*k - 2*k + y. Calculate the remainder when k is divided by 4.
3
Suppose 36 = -13*s + 16*s. What is the remainder when 46 is divided by s?
10
Let l = 75 - 52. Suppose -2*v = -l - 7. What is the remainder when v is divided by 9?
6
Suppose 5*f - 4*g + 2 = 38, 15 = 2*f - g. What is the remainder when 31 is divided by f?
7
Let w = -54 - -29. Let g = 42 + w. What is the remainder when 49 is divided by g?
15
Suppose 0 = v - 10 + 5. Suppose 51 = 3*i - 5*q, -3*i + v*q - q = -48. Calculate the remainder when i is divided by 7.
5
Let k be 4/(-3)*(-6)/4. Let p = -6 - k. Let t = p + 11. Calculate the remainder when 4 is divided by t.
1
Calculate the remainder when -47*(-5)/15*3 is divided by 12.
11
Let k(l) = -2*l**3 - 6*l**2 + 3. Let y(g) = 3*g**3 - g**2 + g + 1. Let z be y(-1). What is the remainder when k(z) is divided by 12?
11
Suppose 3*p + 5*g + 65 = 0, 2*p + g + 2*g = -43. Calculate the remainder when (-519)/(-15) + (-8)/p is divided by 9.
8
What is the remainder when 42/(-3)*(-5 + 0 + 3) is divided by 15?
13
Suppose -m + 46 + 50 = 0. Let k = -34 + m. Calculate the remainder when k is divided by 21.
20
Let n = 45 + -10. Let f = -20 + n. Calculate the remainder when 57 is divided by f.
12
Suppose -3*n + 24 = -282. What is the remainder when n is divided by 21?
18
Let r = -45 - -65. Calculate the remainder when r is divided by 12.
8
Suppose 2*q = -0*q + 8. Suppose -55 = -q*w - w. Suppose -2*p = 3*p - 160. What is the remainder when p is divided by w?
10
Suppose 3*u = -4*t + 195, -2*t + 4*u - 2*u = -108. Let b = -29 + t. What is the remainder when b is divided by (15/10)/((-2)/(-16))?
10
Suppose 11 - 46 = 5*f. Calculate the remainder when (-297)/f - (-8)/14 is divided by 11.
10
Suppose 4*f + 26 = y, 0*y = y + f - 1. Let h = y + 11. What is the remainder when h is divided by 6?
5
Let o(p) = 17*p**2 - 1. What is the remainder when (-412)/(-14) - 36/84 is divided by o(-1)?
13
Suppose 4*k + n - 389 = 2*n, 0 = -4*k - 4*n + 364. Suppose -3*s + 0*s + k = 0. Calculate the remainder when s is divided by (-15)/(-1) - (1 - 5 - -8).
10
Let o(s) be the first derivative of s**3/3 + 2*s**2 + 3*s - 1. What is the remainder when o(-5) is divided by 2/3 + 26/6?
3
Let k = 8 + -4. Suppose k*d + 17 = d - j, -2*d - 6 = -2*j. Let r(p) = p**3 + 7*p**2 + 3*p. What is the remainder when r(d) is divided by 12?
11
Calculate the remainder when 3966/78 + (-2)/(-13) is divided by 18.
15
Let g = 101 + -24. Calculate the remainder when g is divided by 20.
17
Calculate the remainder when 1*71 - (8 - 7) is divided by 18.
16
Let j = 5 - 5. Suppose j = 5*k + 4*w - 316, 3*k - 2*w = 2*k + 66. Suppose 0*a = -3*a + 66. What is the remainder when k is divided by a?
20
Let n = 0 - -11. Calculate the remainder when n is divided by 1 - 1 - (-4 - 0).
3
Let k = 11 + 8. What is the remainder when 93 is divided by k?
17
Suppose -v = 3*v - 40. Let u(x) = -4*x - x + 4 - 2*x**2 + x**2 + 0. What is the remainder when v is divided by u(-5)?
2
Calculate the remainder when 26 is divided by 3 - (-4)/(-2 - -3).
5
Let f(q) = -2*q - 5. Suppose 27 = -3*m + 9. Calculate the remainder when (-15)/m + (-3)/(-6) is divided by f(-4).
0
Let x(v) = -v**3 + 1. Let c(a) = a + 12. Let g be c(-13). Calculate the remainder when 6 is divided by x(g).
0
Suppose -k + c = 3*c - 25, -4*k + 2*c + 140 = 0. Let w be (-138)/(-8) - (-2)/(-8). Suppose -2*t = -t - w. Calculate the remainder when k is divided by t.
16
Suppose 3 = -5*d + 28. Suppose -d*a + a = -40. What is the remainder when a is divided by 4?
2
Let p = 81 - 48. What is the remainder when (77/(-21))/((-1)/p) is divided by 31?
28
Let j = 6 - -1. Calculate the remainder when 12 is divided by j.
5
Let n(m) = -m**2 - m + 26. What is the remainder when 103 is divided by n(0)?
25
Suppose -3*q + 113 - 14 = 0. Calculate the remainder when q is divided by 17.
16
Let l(f) = -f**3 + 4*f**2 - 2*f + 7. What is the remainder when 76 is divided by l(3)?
6
Let t = 15 - 9. Let l(k) = -k**3 - 9*k**2 + k + 5. Let a be l(-9). What is the remainder when 15/a*16/(-6) is divided by t?
4
Let h = -2 + 5. Suppose -2*g = -2, -19 = 5*j + 4*g - 88. Let r(w) = w**2 - 11*w - 19. What is the remainder when r(j) is divided by h?
1
Let l(n) be the first derivative of n**3/3 - 5*n**2/2 + 7*n + 1. Calculate the remainder when 13 is divided by l(5).
6
What is the remainder when 14 is divided by (-1)/((-18)/8)*-3*-3?
2
Suppose r + 3*r - 328 = 4*s, 328 = 4*r + 2*s. Suppose 4*p - f - 39 - 71 = 0, -8 = -4*f. What is the remainder when r is divided by p?
26
Suppose 2*v + 4 = -2*v, 3*v = -5*r - 28. Let b(c) = -c**3 - 5*c**2 - c - 2. Calculate the remainder when 9 is divided by b(r).
0
Let s(u) = -u**3 - 4*u**2 + 6*u + 4. Calculate the remainder when s(-6) is divided by ((-216)/(-30))/(-6)*165/(-9).
18
Let g = 12 - -5. Suppose -3 = -l + z, 3*l - 3*z + 4*z - g = 0. Suppose -c + 7 = n, 21 - 6 = l*n + c. Calculate the remainder when n is divided by 1.
0
Let i(t) be the second derivative of -2*t**3/3 - 7*t**2/2 - 3*t. What is the remainder when 35 is divided by i(-4)?
8
Suppose 3*h + 2*k - 322 = 0, -2 = -2*k + 2. What is the remainder when h is divided by 27?
25
Let a = -54 - -158. What is the remainder when a is divided by 35?
34
Suppose -4*u - 1 = 11. Let g(f) be the second derivative of -f**5/20 + 5*f**3/6 + f**2 + 6*f. What is the remainder when g(u) is divided by 5?
4
Let o = 6 + -4. Suppose -17 = -o*i + 19. Let m = -7 - -17. What is the remainder when i is divided by m?
8
Suppose -c + 3 = -0. Suppose c*n = -f + 11, f + 2 = 3*n + 1. Suppose -u + 38 = n*b + 4*u, -4*u = 0. Calculate the remainder when 35 is divided by b.
16
Let i(h) = -4*h + 11. Calculate the remainder when i(-5) is divided by 8.
7
Suppose 4*q - 19 = -15. Calculate the remainder when q is divided by 1.
0
Suppose 10 = -5*t - 0*t. Let k be (-3)/(-6) + 5/t. What is the remainder when 16 is divided by 7/1 - 1*k?
7
Let u = 44 + -27. What is the remainder when u is divided by 10?
7
Let s = -3 + -1. Let n be -3 + (-3)/(-6)*s. Calculate the remainder when 31 is divided by ((-17)/4)/(n/20).
14
Suppose -8*s = -4*s - t - 17, 5*s - 10 = -t. What is the remainder when 23 is divided by s?
2
Suppose 2*b = 4*b - k - 11, 5*k + 27 = 3*b. Let v(g) = -7 - b*g - 2*g + 3*g. What is the remainder when 40 is divided by v(-7)?
12
Let x be (1 - 5) + (-2)/(-2). Let l = -1 - x. What is the remainder when 6 + -5 + (2 - 1) is divided by l?
0
Let a(j) = -j**3 - 2*j**2 - 2*j + 1. Let t = -3 + 1. Let k(b) = -10*b - 1. Calculate the remainder when k(-1) is divided by a(t).
4
Let d = 2 + 1. Suppose -4*m = d*j - 34, -m + 13 = j + 3. What is the remainder when 21 is divided by j?
3
Suppose -13 - 12 = -g. Let w be (-102)/(-4) - (-1)/2. Suppose -o = o - w. What is the remainder when g is divided by o?
12
Suppose -3*o = -9 - 0. Calculate the remainder when o/9 + 256/6 is divided by 15.
13
Suppose -3*n = -5*c + 18, 17*n + 11 = 3*c + 15*n. Suppose -4*k = 3*s + 6, 3*k + 19 = s + 4*s. Calculate the remainder when c is divided by s.
1
Let l = 106 - 96. Calculate the remainder when 34 is divided by l.
4
Let f(r) = -r**2 - 6*r + 8. Let w = -21 - -14. Let b be f(w). Suppose -7 = -y + b. What is the